{"id":56,"date":"2020-05-24T19:36:55","date_gmt":"2020-05-24T19:36:55","guid":{"rendered":"http:\/\/ponysportverein-roebel-mueritz.de\/?page_id=56"},"modified":"2026-02-24T15:43:36","modified_gmt":"2026-02-24T15:43:36","slug":"vorstand","status":"publish","type":"page","link":"https:\/\/ponysportverein-roebel-mueritz.de\/?page_id=56","title":{"rendered":"Vorstand"},"content":{"rendered":"\t\t<div data-elementor-type=\"wp-page\" data-elementor-id=\"56\" class=\"elementor elementor-56\">\n\t\t\t\t\t\t<section class=\"elementor-section elementor-top-section elementor-element elementor-element-f988f7e elementor-section-boxed elementor-section-height-default elementor-section-height-default wpr-particle-no wpr-jarallax-no wpr-parallax-no wpr-sticky-section-no\" data-id=\"f988f7e\" data-element_type=\"section\" data-e-type=\"section\">\n\t\t\t\t\t\t<div class=\"elementor-container elementor-column-gap-default\">\n\t\t\t\t\t<div class=\"elementor-column elementor-col-100 elementor-top-column elementor-element elementor-element-ee44c44\" data-id=\"ee44c44\" data-element_type=\"column\" data-e-type=\"column\">\n\t\t\t<div class=\"elementor-widget-wrap elementor-element-populated\">\n\t\t\t\t\t\t<div class=\"elementor-element elementor-element-e15970b elementor-widget-divider--view-line elementor-widget elementor-widget-divider\" data-id=\"e15970b\" data-element_type=\"widget\" data-e-type=\"widget\" data-widget_type=\"divider.default\">\n\t\t\t\t<div class=\"elementor-widget-container\">\n\t\t\t\t\t\t\t<div class=\"elementor-divider\">\n\t\t\t<span class=\"elementor-divider-separator\">\n\t\t\t\t\t\t<\/span>\n\t\t<\/div>\n\t\t\t\t\t\t<\/div>\n\t\t\t\t<\/div>\n\t\t\t\t<div class=\"elementor-element elementor-element-cf4e708 elementor-widget elementor-widget-heading\" data-id=\"cf4e708\" data-element_type=\"widget\" data-e-type=\"widget\" data-widget_type=\"heading.default\">\n\t\t\t\t<div class=\"elementor-widget-container\">\n\t\t\t\t\t<h2 class=\"elementor-heading-title elementor-size-default\">Wir stellen vor...<\/h2>\t\t\t\t<\/div>\n\t\t\t\t<\/div>\n\t\t\t\t<div class=\"elementor-element elementor-element-9cb10fe elementor-widget-divider--view-line elementor-widget elementor-widget-divider\" data-id=\"9cb10fe\" data-element_type=\"widget\" data-e-type=\"widget\" data-widget_type=\"divider.default\">\n\t\t\t\t<div class=\"elementor-widget-container\">\n\t\t\t\t\t\t\t<div class=\"elementor-divider\">\n\t\t\t<span class=\"elementor-divider-separator\">\n\t\t\t\t\t\t<\/span>\n\t\t<\/div>\n\t\t\t\t\t\t<\/div>\n\t\t\t\t<\/div>\n\t\t\t\t<div class=\"elementor-element elementor-element-571e883 elementor-widget elementor-widget-heading\" data-id=\"571e883\" data-element_type=\"widget\" data-e-type=\"widget\" data-widget_type=\"heading.default\">\n\t\t\t\t<div class=\"elementor-widget-container\">\n\t\t\t\t\t<h2 class=\"elementor-heading-title elementor-size-default\">Erwachsenenvorstand<\/h2>\t\t\t\t<\/div>\n\t\t\t\t<\/div>\n\t\t\t\t<div class=\"elementor-element elementor-element-9c2cf52 elementor-widget elementor-widget-spacer\" data-id=\"9c2cf52\" data-element_type=\"widget\" data-e-type=\"widget\" data-widget_type=\"spacer.default\">\n\t\t\t\t<div class=\"elementor-widget-container\">\n\t\t\t\t\t\t\t<div class=\"elementor-spacer\">\n\t\t\t<div class=\"elementor-spacer-inner\"><\/div>\n\t\t<\/div>\n\t\t\t\t\t\t<\/div>\n\t\t\t\t<\/div>\n\t\t\t\t\t<\/div>\n\t\t<\/div>\n\t\t\t\t\t<\/div>\n\t\t<\/section>\n\t\t\t\t<section class=\"elementor-section elementor-top-section elementor-element elementor-element-42bbb01 elementor-section-boxed elementor-section-height-default elementor-section-height-default wpr-particle-no wpr-jarallax-no wpr-parallax-no wpr-sticky-section-no\" data-id=\"42bbb01\" data-element_type=\"section\" data-e-type=\"section\">\n\t\t\t\t\t\t<div class=\"elementor-container elementor-column-gap-default\">\n\t\t\t\t\t<div class=\"elementor-column elementor-col-100 elementor-top-column elementor-element elementor-element-6f162e8\" data-id=\"6f162e8\" data-element_type=\"column\" data-e-type=\"column\">\n\t\t\t<div class=\"elementor-widget-wrap elementor-element-populated\">\n\t\t\t\t\t\t<div class=\"elementor-element elementor-element-47665f9 elementor-widget elementor-widget-image\" data-id=\"47665f9\" data-element_type=\"widget\" data-e-type=\"widget\" data-widget_type=\"image.default\">\n\t\t\t\t<div class=\"elementor-widget-container\">\n\t\t\t\t\t\t\t\t\t\t\t\t\t\t\t<img fetchpriority=\"high\" decoding=\"async\" width=\"768\" height=\"927\" src=\"https:\/\/ponysportverein-roebel-mueritz.de\/wp-content\/uploads\/2024\/01\/IMG-20240119-WA0028-768x927.jpg\" class=\"attachment-medium_large size-medium_large wp-image-1887\" alt=\"\" srcset=\"https:\/\/ponysportverein-roebel-mueritz.de\/wp-content\/uploads\/2024\/01\/IMG-20240119-WA0028-768x927.jpg 768w, https:\/\/ponysportverein-roebel-mueritz.de\/wp-content\/uploads\/2024\/01\/IMG-20240119-WA0028-249x300.jpg 249w, https:\/\/ponysportverein-roebel-mueritz.de\/wp-content\/uploads\/2024\/01\/IMG-20240119-WA0028-849x1024.jpg 849w, https:\/\/ponysportverein-roebel-mueritz.de\/wp-content\/uploads\/2024\/01\/IMG-20240119-WA0028-980x1182.jpg 980w, https:\/\/ponysportverein-roebel-mueritz.de\/wp-content\/uploads\/2024\/01\/IMG-20240119-WA0028.jpg 1061w\" sizes=\"(max-width: 768px) 100vw, 768px\" \/>\t\t\t\t\t\t\t\t\t\t\t\t\t\t\t<\/div>\n\t\t\t\t<\/div>\n\t\t\t\t<div class=\"elementor-element elementor-element-0bb1af7 elementor-widget elementor-widget-text-editor\" data-id=\"0bb1af7\" data-element_type=\"widget\" data-e-type=\"widget\" data-widget_type=\"text-editor.default\">\n\t\t\t\t<div class=\"elementor-widget-container\">\n\t\t\t\t\t\t\t\t\t<p>v.l.n.r.<\/p>\t\t\t\t\t\t\t\t<\/div>\n\t\t\t\t<\/div>\n\t\t\t\t<div class=\"elementor-element elementor-element-338dc20 elementor-widget elementor-widget-text-editor\" data-id=\"338dc20\" data-element_type=\"widget\" data-e-type=\"widget\" data-widget_type=\"text-editor.default\">\n\t\t\t\t<div class=\"elementor-widget-container\">\n\t\t\t\t\t\t\t\t\t<p>Franziska Jens, Katharina Kroeger, Britta Christoph<\/p>\t\t\t\t\t\t\t\t<\/div>\n\t\t\t\t<\/div>\n\t\t\t\t<div class=\"elementor-element elementor-element-2f04647 elementor-widget-divider--view-line elementor-widget elementor-widget-divider\" data-id=\"2f04647\" data-element_type=\"widget\" data-e-type=\"widget\" data-widget_type=\"divider.default\">\n\t\t\t\t<div class=\"elementor-widget-container\">\n\t\t\t\t\t\t\t<div class=\"elementor-divider\">\n\t\t\t<span class=\"elementor-divider-separator\">\n\t\t\t\t\t\t<\/span>\n\t\t<\/div>\n\t\t\t\t\t\t<\/div>\n\t\t\t\t<\/div>\n\t\t\t\t<div class=\"elementor-element elementor-element-1e20085 elementor-widget elementor-widget-heading\" data-id=\"1e20085\" data-element_type=\"widget\" data-e-type=\"widget\" data-widget_type=\"heading.default\">\n\t\t\t\t<div class=\"elementor-widget-container\">\n\t\t\t\t\t<h2 class=\"elementor-heading-title elementor-size-default\">Jugendvorstand<\/h2>\t\t\t\t<\/div>\n\t\t\t\t<\/div>\n\t\t\t\t<div class=\"elementor-element elementor-element-e3958c8 elementor-widget elementor-widget-image\" data-id=\"e3958c8\" data-element_type=\"widget\" data-e-type=\"widget\" data-widget_type=\"image.default\">\n\t\t\t\t<div class=\"elementor-widget-container\">\n\t\t\t\t\t\t\t\t\t\t\t\t\t\t\t<img decoding=\"async\" width=\"768\" height=\"768\" src=\"https:\/\/ponysportverein-roebel-mueritz.de\/wp-content\/uploads\/2026\/02\/Jugendvorstand-768x768.jpg\" class=\"attachment-medium_large size-medium_large wp-image-2958\" alt=\"\" srcset=\"https:\/\/ponysportverein-roebel-mueritz.de\/wp-content\/uploads\/2026\/02\/Jugendvorstand-768x768.jpg 768w, https:\/\/ponysportverein-roebel-mueritz.de\/wp-content\/uploads\/2026\/02\/Jugendvorstand-300x300.jpg 300w, https:\/\/ponysportverein-roebel-mueritz.de\/wp-content\/uploads\/2026\/02\/Jugendvorstand-1024x1024.jpg 1024w, https:\/\/ponysportverein-roebel-mueritz.de\/wp-content\/uploads\/2026\/02\/Jugendvorstand-150x150.jpg 150w, https:\/\/ponysportverein-roebel-mueritz.de\/wp-content\/uploads\/2026\/02\/Jugendvorstand-980x980.jpg 980w, https:\/\/ponysportverein-roebel-mueritz.de\/wp-content\/uploads\/2026\/02\/Jugendvorstand-75x75.jpg 75w, https:\/\/ponysportverein-roebel-mueritz.de\/wp-content\/uploads\/2026\/02\/Jugendvorstand.jpg 1200w\" sizes=\"(max-width: 768px) 100vw, 768px\" \/>\t\t\t\t\t\t\t\t\t\t\t\t\t\t\t<\/div>\n\t\t\t\t<\/div>\n\t\t\t\t<div class=\"elementor-element elementor-element-42faff6 elementor-widget elementor-widget-text-editor\" data-id=\"42faff6\" data-element_type=\"widget\" data-e-type=\"widget\" data-widget_type=\"text-editor.default\">\n\t\t\t\t<div class=\"elementor-widget-container\">\n\t\t\t\t\t\t\t\t\t<p><span dir=\"ltr\" role=\"presentation\">Franzi (2. v. l.), Marie (3. v. l.) und Hanna (re.)<br \/><\/span><\/p>\t\t\t\t\t\t\t\t<\/div>\n\t\t\t\t<\/div>\n\t\t\t\t<div class=\"elementor-element elementor-element-9fe170d elementor-widget elementor-widget-text-editor\" data-id=\"9fe170d\" data-element_type=\"widget\" data-e-type=\"widget\" data-widget_type=\"text-editor.default\">\n\t\t\t\t<div class=\"elementor-widget-container\">\n\t\t\t\t\t\t\t\t\t<div class=\"textLayer\"><span dir=\"ltr\" role=\"presentation\">Man ben\u00f6tigt <\/span><br role=\"presentation\" \/><span dir=\"ltr\" role=\"presentation\">eine Handvoll Leidenschaft, <\/span><br role=\"presentation\" \/><span dir=\"ltr\" role=\"presentation\">eine Prise Spa\u00df, <\/span><br role=\"presentation\" \/><span dir=\"ltr\" role=\"presentation\">vierbeinige Weggef\u00e4hrten,<\/span><br role=\"presentation\" \/><span dir=\"ltr\" role=\"presentation\">einen L\u00f6ffel voller soziales Engagement <\/span><br role=\"presentation\" \/><span dir=\"ltr\" role=\"presentation\">und viele ehrenamtliche Unterst\u00fctzer<\/span><br role=\"presentation\" \/><span dir=\"ltr\" role=\"presentation\">und dann kann man als GEMEINSCHAFT alles erreichen. <\/span><br role=\"presentation\" \/><span dir=\"ltr\" role=\"presentation\">In unserer \u201ePonysportvereinsfamilie\u201c ist jeder willkommen.<\/span><br role=\"presentation\" \/><span dir=\"ltr\" role=\"presentation\">Unser Verein besteht aus JUNG und ALT \u2013 eine Kombination, die sich super erg\u00e4nzt, <\/span><span dir=\"ltr\" role=\"presentation\">viele tolle Projekte und gemeinsame Ereignisse m\u00f6glich macht. <\/span><br role=\"presentation\" \/><span dir=\"ltr\" role=\"presentation\">Wir als Erwachsenen- &amp; Jugendvorstand vertreten gemeinsam die Interessen aller Mitglieder<\/span>.<br role=\"presentation\" \/><span dir=\"ltr\" role=\"presentation\">Die Pferdeliebe und das Pferdewohl hat oberste Priorit\u00e4t, denn geht es unseren<\/span><br role=\"presentation\" \/><span dir=\"ltr\" role=\"presentation\">Lieblingen gut, geht es uns gut. <\/span><br role=\"presentation\" \/><span dir=\"ltr\" role=\"presentation\">ZUSAMMENHALT wird bei uns GRO\u00df geschrieben.<\/span><br role=\"presentation\" \/><span dir=\"ltr\" role=\"presentation\">Jeder hilft jedem, denn nur gemeinsam sind wir stark und gemeinsam sind wir der<\/span><br role=\"presentation\" \/><span dir=\"ltr\" role=\"presentation\">PONYSPORTVEREIN \u2013 Yeahhhhh!<\/span><\/div><div class=\"textLayer\"><br role=\"presentation\" \/><span dir=\"ltr\" role=\"presentation\">Es gibt keinen perfekten Reiter, nur ein perfektes Team, <\/span><br role=\"presentation\" \/><span dir=\"ltr\" role=\"presentation\">denn unsere Freunde laufen auf vier Beinen damit sie ihr riesiges Herz tragen<\/span><br role=\"presentation\" \/><span dir=\"ltr\" role=\"presentation\">k\u00f6nnen.<br \/><\/span><\/div><div>\u00a0<\/div><div>\u00a0<\/div>\t\t\t\t\t\t\t\t<\/div>\n\t\t\t\t<\/div>\n\t\t\t\t<div class=\"elementor-element elementor-element-577cd54 elementor-widget elementor-widget-text-editor\" data-id=\"577cd54\" data-element_type=\"widget\" data-e-type=\"widget\" data-widget_type=\"text-editor.default\">\n\t\t\t\t<div class=\"elementor-widget-container\">\n\t\t\t\t\t\t\t\t\t<p><span dir=\"ltr\" role=\"presentation\">Unser Leben ist ein Ponyhof und darauf sind wir stolz!<\/span><\/p>\t\t\t\t\t\t\t\t<\/div>\n\t\t\t\t<\/div>\n\t\t\t\t<div class=\"elementor-element elementor-element-a4a8d07 elementor-widget elementor-widget-text-editor\" data-id=\"a4a8d07\" data-element_type=\"widget\" data-e-type=\"widget\" data-widget_type=\"text-editor.default\">\n\t\t\t\t<div class=\"elementor-widget-container\">\n\t\t\t\t\t\t\t\t\t<p><span dir=\"ltr\" role=\"presentation\">Euer <\/span><\/p><p><span dir=\"ltr\" role=\"presentation\">Vorstand<\/span><\/p>\t\t\t\t\t\t\t\t<\/div>\n\t\t\t\t<\/div>\n\t\t\t\t\t<\/div>\n\t\t<\/div>\n\t\t\t\t\t<\/div>\n\t\t<\/section>\n\t\t\t\t<\/div>\n\t\t","protected":false},"excerpt":{"rendered":"<p>Wir stellen vor&#8230; Erwachsenenvorstand v.l.n.r. Franziska Jens, Katharina Kroeger, Britta Christoph Jugendvorstand Franzi (2. v. l.), Marie (3. v. l.) und Hanna (re.) Man ben\u00f6tigt eine Handvoll Leidenschaft, eine Prise Spa\u00df, vierbeinige Weggef\u00e4hrten,einen L\u00f6ffel voller soziales Engagement und viele ehrenamtliche Unterst\u00fctzerund dann kann man als GEMEINSCHAFT alles erreichen. In unserer \u201ePonysportvereinsfamilie\u201c ist jeder willkommen.Unser Verein besteht aus JUNG und ALT \u2013 eine Kombination, die sich super erg\u00e4nzt, viele tolle Projekte und gemeinsame Ereignisse m\u00f6glich macht. Wir als Erwachsenen- &amp; Jugendvorstand vertreten gemeinsam die Interessen aller Mitglieder.Die Pferdeliebe und das Pferdewohl hat oberste Priorit\u00e4t, denn geht es unserenLieblingen gut, geht es uns gut. ZUSAMMENHALT wird bei uns GRO\u00df geschrieben.Jeder hilft jedem, denn nur gemeinsam sind wir stark und gemeinsam sind wir derPONYSPORTVEREIN \u2013 Yeahhhhh!Es gibt keinen perfekten Reiter, nur ein perfektes Team, denn unsere Freunde laufen auf vier Beinen damit sie ihr riesiges Herz tragenk\u00f6nnen.\u00a0\u00a0 Unser Leben ist ein Ponyhof und darauf sind wir stolz! Euer Vorstand<\/p>\n","protected":false},"author":1,"featured_media":0,"parent":0,"menu_order":0,"comment_status":"closed","ping_status":"closed","template":"","meta":{"footnotes":""},"class_list":["post-56","page","type-page","status-publish","hentry"],"acf":[],"_links":{"self":[{"href":"https:\/\/ponysportverein-roebel-mueritz.de\/index.php?rest_route=\/wp\/v2\/pages\/56","targetHints":{"allow":["GET"]}}],"collection":[{"href":"https:\/\/ponysportverein-roebel-mueritz.de\/index.php?rest_route=\/wp\/v2\/pages"}],"about":[{"href":"https:\/\/ponysportverein-roebel-mueritz.de\/index.php?rest_route=\/wp\/v2\/types\/page"}],"author":[{"embeddable":true,"href":"https:\/\/ponysportverein-roebel-mueritz.de\/index.php?rest_route=\/wp\/v2\/users\/1"}],"replies":[{"embeddable":true,"href":"https:\/\/ponysportverein-roebel-mueritz.de\/index.php?rest_route=%2Fwp%2Fv2%2Fcomments&post=56"}],"version-history":[{"count":80,"href":"https:\/\/ponysportverein-roebel-mueritz.de\/index.php?rest_route=\/wp\/v2\/pages\/56\/revisions"}],"predecessor-version":[{"id":2965,"href":"https:\/\/ponysportverein-roebel-mueritz.de\/index.php?rest_route=\/wp\/v2\/pages\/56\/revisions\/2965"}],"wp:attachment":[{"href":"https:\/\/ponysportverein-roebel-mueritz.de\/index.php?rest_route=%2Fwp%2Fv2%2Fmedia&parent=56"}],"curies":[{"name":"wp","href":"https:\/\/api.w.org\/{rel}","templated":true}]}}